{"id":298,"date":"2017-01-03T15:17:24","date_gmt":"2017-01-03T15:17:24","guid":{"rendered":"http:\/\/www.ivansanchez.es\/?page_id=298"},"modified":"2025-11-24T04:37:48","modified_gmt":"2025-11-24T04:37:48","slug":"bio","status":"publish","type":"page","link":"https:\/\/www.ivansanchez.es\/?page_id=298","title":{"rendered":"BIO"},"content":{"rendered":"<div class=\"standard_wrapper\">\n<div class=\"one_third withsmallpadding ppb_header \" style=\"text-align: left; padding: 30px 0 30px 0;\">\n<div class=\"page_content_wrapper\">\n<div class=\"inner\">\n<div style=\"margin: auto; width: 100%;\">\n<h2 class=\"ppb_title\">BIOGRAF\u00cdA<\/h2>\n<\/div>\n<\/div>\n<\/div>\n<\/div>\n<\/div>\n<div class=\"standard_wrapper\">\n<div class=\"two_third last withsmallpadding ppb_text\" style=\"padding: 30px 0 30px 0;\">\n<div class=\"standard_wrapper\">\n<div class=\"page_content_wrapper\">\n<div class=\"inner\">\n<div style=\"margin: auto; width: 100%;\">\n<p style=\"text-align: justify;\">Cuando termin\u00f3 el colegio se dio cuenta de que su gran ilusi\u00f3n era conocer mundo. As\u00ed que, con tan solo 18 a\u00f1os, Iv\u00e1n pens\u00f3 que trabajando como modelo conseguir\u00eda viajar por todos los rincones del planeta. Y no iba mal encaminado, porque gracias a su esfuerzo y talento, consigui\u00f3 desfilar en algunas de las pasarelas importantes y famosas del mundo.<\/p>\n<p style=\"text-align: justify;\">Tras su etapa como modelo, Iv\u00e1n dio el salto al mundo de la interpretaci\u00f3n trabajando as\u00ed en series de gran \u00e9xito.<\/p>\n<p style=\"text-align: justify;\">Su primer papel protagonista no tard\u00f3 en llegar, en el a\u00f1o 2005 pas\u00f3 a protagonizar \u201cEl aut\u00e9ntico Rodrigo Leal\u201d, una serie que ridiculizaba los reality shows tipo Gran hermano, que tuvo un gran \u00e9xito. Pero su gran oportunidad llegar\u00eda un a\u00f1o despu\u00e9s gracias a la serie \u201cHospital Central\u201d, que le ofreci\u00f3 un papel principal como m\u00e9dico de Samur.<\/p>\n<p style=\"text-align: justify;\">La serie, que es una de las m\u00e1s exitosas y consolidadas del panorama televisivo, ha supuesto para Iv\u00e1n el hecho de quitarse por un tiempo la etiqueta de modelo para colgarse la de actor. Interpret\u00f3 tambi\u00e9n en el cine gracias a \u201cBesos de gato\u201d (2003), de Rafael Alc\u00e1zar y otro papel en \u201cEnloquecidas\u201d de Juan Luis Iborra junto a Jordi Rebell\u00f3n.<\/p>\n<p style=\"text-align: justify;\">A pesar de protagonizar tambi\u00e9n Iv\u00e1n hab\u00eda hecho anteriormente, secundarios de continuidad en otras series como \u201cEl Pantano\u201d (2003), \u201cJavier ya no vive solo\u201d(2003), \u201cEl Comisario\u201d (2003), \u201cLa sopa boba\u201d (2004)\u00a0o \u201cCon dos tacones\u201d (2006)\u00a0e intervenciones en \u201cPeriodistas\u201d (1998),\u201dLondon Street\u201d (2003), \u201cUn paso adelante\u201d (2003), \u201cAqu\u00ed no hay quien viva\u201d (2003)\u00a0y \u201cDe moda\u201d (2004).<\/p>\n<p style=\"text-align: justify;\">En el Teatro Lara de Madrid ha representado la obra \u201cFool for love\u201d. Junto a otros actores ha viajado por toda Espa\u00f1a, representando esta obra. The Process-a theatre company fue creada hace ya m\u00e1s de 10 a\u00f1os para llevar a cabo sus propios proyectos con sus socios, actores y colegas.<\/p>\n<p style=\"text-align: justify;\">Abandona la serie \u201cHospital Central\u201d en marzo del 2011 para incorporarse a la teleserie hispano-estadounidense \u201cLa Reina del Sur\u201d, que a la postre le acabar\u00eda abriendo el mercado laboral en latinoam\u00e9rica. Acabando LRDS, se incorpor\u00f3 a la segunda temporada de la serie de Antena 3 \u201cHispania, la leyenda\u201d.<\/p>\n<p style=\"text-align: justify;\">En el 2013, actu\u00f3 de la mano de Televisa M\u00e9xico, donde hizo su debut en el papel antagonista principal como Hern\u00e1n Salda\u00f1a, en \u201cLa Tempestad\u201d.<\/p>\n<p style=\"text-align: justify;\">En el 2014 apareci\u00f3 como invitado en la segunda temporada de la serie \u201cCrossing Lines\u201d donde interpret\u00f3 al reportero Mateo Cruz.<\/p>\n<p style=\"text-align: justify;\">En 2015, vuelve a la televisi\u00f3n con \u201cSe\u00f1orita P\u00f3lvora\u201d como protagonista, donde interpreta Miguel Galindo \u201cM8\u201d. Vuelve a hacer cine, \u00abParaiso perdido\u00bb de Humberto Hinojosa. Tambi\u00e9n en 2015 novela de Televisa, \u201cLo Imperdonable\u201d, donde act\u00faa como protagonista principal interpretando a Mart\u00edn San Telmo. Y a la vez, compagina con teatro, la obra \u00abNunca es tarde para aprender franc\u00e9s\u00bb de Manolo Caro.<\/p>\n<p style=\"text-align: justify;\">En 2016 protagoniza \u00abYago\u00bb y estrena su primer largometraje como productor y protagonista de la pel\u00edcula \u00abBackseat Fighter.\u00bb<\/p>\n<p style=\"text-align: justify;\">En diciembre de 2016 particip\u00f3 en la obra \u00abConejo blanco, conejo rojo\u00bb de Nassim Suleimanpour.<\/p>\n<p style=\"text-align: justify;\">Su m\u00e1s reciente proyecto en teatro musical fue con la puesta en escena \u00abEl Guardaespaldas\u00bb en la Gran V\u00eda de Madrid.<\/p>\n<p style=\"text-align: justify;\">En cine fue parte del elenco de la pel\u00edcula \u00abDibujando el cielo\u00bb, filmada en M\u00e9xico, para estrenarse en 2018.<\/p>\n<p>La serie \u00abNo te puede esconder\u00bb para Netflix, de la mano de Telemundo e Isla Producciones en 2020.<\/p>\n<p>Su nueva pel\u00edcula en 2020-2021 como protagonista \u00abIsaac\u00bb de los directores \u00c1ngeles Hernandez y David Matamoros.<\/p>\n<\/div>\n<\/div>\n<p style=\"text-align: justify;\">Reci\u00e9n estrenada la tercera temporada de la serie \u00abPeque\u00f1as Coincidencias\u00bb en Amazon Prime Video 2021.<\/p>\n<p>En 2022 y 2023 protagoniza el biopic de la la serie de TV de \u00abBos\u00e9\u00bb con gran \u00e9xito de p\u00fablico y de premios. Tambi\u00e9n co-protagoniza el \u00e9xito a nivel mundial en Amazon Prime Video de \u00abCulpa M\u00eda\u00bb, rodando la segunda y tercera parte de la trioligia de libros de Mercedes Ron. Y estrena tambi\u00e9n en 2024 la serie para HBO de \u00abLas Bravas\u00bb.<\/p>\n<div class=\"inner\">\n<div style=\"margin: auto; width: 100%;\">\n<p style=\"text-align: justify;\"><strong><em>English bio:<\/em><\/strong><\/p>\n<p>When he finished school he realized that his great illusion was to know the world. So, at just 18, Ivan thought that working as a model would get to travel all over the world. And it was not going badly, because thanks to his effort and talent, he managed to work at the most important and famous catwalks of the world.<\/p>\n<p>After his stage as a model, Ivan made the leap to the world of interpretation working in such a series of great success.<\/p>\n<p>His first leading role soon arrived, in 2005 he starred in \u201cThe Real Rodrigo Leal,\u201d a series that ridiculed reality shows like Big Brother, which had a great success. That same year, he received an offer to present a contest of couples with Eva Gonz\u00e1lez. But his great opportunity would arrive a year later thanks to the series \u201cHospital Central\u201d, that offered him a main character as a Samur\u00b4s doctor.<\/p>\n<p>The series, which was one of the most exotic and consolidated on spanish television, has meant for Ivan to take away for a while the fashion world for the actor\u2019s layer. He also played on cinema thanks to \u201cBesos de gato\u201d (2003), by Rafael Alc\u00e1zar and another role in Enloquecidas by Juan Luis Iborra with Jordi Rebell\u00f3n.<\/p>\n<p>In spite of the fact that he also starred in the film, Ivan had previously made follow-ups to others such as \u201cEl Pantano\u201d (2003), \u201cJavier ya no vive solo\u201d (2003), \u201cEl Comisario\u201d (2003), \u201cLa sopa boba\u201d (2004), \u201cCon dos tacones (2006), \u201cPeriodistas (1998)\u201d, \u201dLondon Street\u201d (2003), \u201cUn paso adelante (2003)\u201d, \u201cAqui no hay quien viva (2003)\u201d y \u201cDe Moda (2004)\u201d.<\/p>\n<p>At the Teatro Lara in Madrid he has performed the play \u201cFool for love\u201d. Along with other actors has traveled throughout Spain, representing this work. The Process-a theater company was created more than 10 years ago to carry out its own projects with its partners, actors and colleagues.<\/p>\n<p>He left \u201cHospital Central\u201d in March 2011 to join the NBCU-Telemundo teleserie \u201cThe Queen of the South\u201d, that\u00b4s gonna be a point break in his career on Latinamerica, and later to the second season of Antena 3 Series \u201dHispania, the legend\u201d<\/p>\n<p>In 2013, he performed with Televisa M\u00e9xico, where he made his debut in the main antagonistic role as Hern\u00e1n Salda\u00f1a, in \u201cThe Tempest\u201d.<\/p>\n<p>In 2014 he appeared as a special guest in the second season of the series \u201cCrossing Lines\u201d where he played the reporter Mateo Cruz.<\/p>\n<p>In 2015, he\u00b4s back on tv with \u201cSe\u00f1orita P\u00f3lvora\u201d as protagonist, where he plays Miguel Galindo \u201cM8\u201d.<\/p>\n<p>He also played the main male carachter on the film \u00abParaiso Perdido\u00bb directed by Humberto Hinijosa.<\/p>\n<p>Also in 2015 on Televisa, \u201cLo Imperdonable\u201d where he plays the main character interpreting Mart\u00edn San Telmo.<\/p>\n<p>In 2016 he stars in \u201cYago\u201d Tv series and premieres his first feature film as producer and star of the film Backseat Fighter.<\/p>\n<p>On December 2016, he participated\u00a0in the theatrical experience \u201cWhite rabbit, red rabbit\u201d by Nassim Suleimanpour.<\/p>\n<p style=\"text-align: justify;\">His latest play was \u00abEl Guardaespaldas\u00bb a musical theatre in Madrid.<\/p>\n<p style=\"text-align: justify;\">Iv\u00e1n was cast in \u00abDibujando el cielo\u00bb, exhibited in M\u00e9xico 2018.<\/p>\n<p>TV Series has been premiered on Netflix on February 2020, \u00abYou can&#8217;t hide\u00bb.<\/p>\n<p>And Iv\u00e1n will be on \u00abIsaac\u00bb a new film directed by Angeles Hernandez &amp; David Matamoros, this March 2020<\/p>\n<p>And just launched on Amazon Prime Video his new TV Series \u00abPeque\u00f1as Coincidencias\u00bb 3rd season.<\/p>\n<p><span class=\"Y2IQFc\" lang=\"en\">In 2022 and 2023 he stars in the biopic of the \u00abBos\u00e9\u00bb TV series with great success with the audience and awards. He also co-stars in the worldwide success \u00abCulpa M\u00eda\u00bb on Amazon Prime Video, filming the second and third part of the trilogy of Mercedes Ron&#8217;s books. And the HBO series \u00abLas Bravas\u00bb will also premiere in 2024.<\/span><\/p>\n<pre id=\"tw-target-text\" class=\"tw-data-text tw-text-large tw-ta\" dir=\"ltr\" data-placeholder=\"Traducci\u00f3n\" data-ved=\"2ahUKEwjZrfCW-fmEAxXz9rsIHYmIBJwQ3ewLegQIBRAU\"><\/pre>\n<\/div>\n<\/div>\n<\/div>\n<\/div>\n<\/div>\n<\/div>\n<div class=\"one withsmallpadding ppb_text\" style=\"padding: 30px 0 30px 0;\">\n<div class=\"standard_wrapper\">\n<div class=\"page_content_wrapper\">\n<div class=\"inner\">\n<div style=\"margin: auto; width: 100%;\">\n<hr \/>\n<\/div>\n<\/div>\n<\/div>\n<\/div>\n<\/div>\n<div class=\"standard_wrapper\">\n<div class=\"one_third withsmallpadding ppb_header \" style=\"text-align: left; padding: 30px 0 30px 0;\">\n<div class=\"page_content_wrapper\">\n<div class=\"inner\">\n<div style=\"margin: auto; width: 100%;\">\n<h2 class=\"ppb_title\">FILMOGRAF\u00cdA<\/h2>\n<\/div>\n<\/div>\n<\/div>\n<\/div>\n<\/div>\n<div class=\"standard_wrapper\">\n<div class=\"two_third last withsmallpadding ppb_text\" style=\"padding: 30px 0 30px 0;\">\n<div class=\"standard_wrapper\">\n<div class=\"page_content_wrapper\">\n<div class=\"inner\">\n<div style=\"margin: auto; width: 100%;\">\n<p><strong>Cine &#8211; Film<\/strong><\/p>\n<ul>\n<li>Ni contigo ni si m\u00ed (2026) Post-Prod<\/li>\n<li>\u00bfQuieres ser mi novio? (2026) Post-Prod<\/li>\n<li>Amor Eterno (2026) &#8211; Post-Prod<\/li>\n<li><em>Culpa Nuestra<\/em> (2025) &#8211; William Leister<\/li>\n<li><em>La novia del Atlantico<\/em> (2024) Post-Prod<\/li>\n<li><em>Culpa Tuya<\/em> (2024) &#8211; William Leister<\/li>\n<li><em>Nueva Tierra<\/em> (2024) &#8211; Le\u00f3n<\/li>\n<li><em>Culpa M\u00eda<\/em> (2023) &#8211; William Leister<\/li>\n<li><em>Una gran voglia de vivere<\/em> (2022) &#8211; Pablo<\/li>\n<li><em>Isaac<\/em> (2020) \u2013 Denis<\/li>\n<li><em>Mio fratello rincorre i dinosauri<\/em> (2019)<\/li>\n<li><em>Wingbea<\/em>t (2019) \u2013 Dad<\/li>\n<li><em>Dibujando el cielo<\/em> (2017) &#8211; Ra\u00fal<\/li>\n<li><em>Backseat Fighter <\/em>(2016) \u2013 Mark<\/li>\n<li><em>Para\u00edso Perdido<\/em> (2016) \u2013 Mateo<\/li>\n<li><em>A la Mala<\/em> (2015) \u2013 Ex-Kika<\/li>\n<li><em>Edificio Ural<\/em> (2011) \u2013 Jorge<\/li>\n<li><em>C\u00edclope<\/em> (2009) \u2013 Erick<\/li>\n<li><em>Paco<\/em> (2009) \u2013 Paco 6<\/li>\n<li><em>Enloquecidas<\/em> (2008) \u2013 David<\/li>\n<li><em>El efecto Rubik y el poder del color rojo<\/em> (2006)<\/li>\n<li><em>Besos de gato<\/em> (2003) \u2013 Camarero<\/li>\n<\/ul>\n<p><strong>TV Series<\/strong><\/p>\n<ul>\n<li>DOC (2026) Post-Prod<\/li>\n<li>Con la misma mirada (2024) &#8211; Octavio<\/li>\n<li><em>Las Bravas<\/em> (2023)<\/li>\n<li><em>Bos\u00e9<\/em> (2022) &#8211; Miguel Bos\u00e9<\/li>\n<li><em>La mujer de mi vida<\/em> (2021-2022) &#8211; Ricardo Oribe<\/li>\n<li><em>Peque\u00f1as Coincidencias<\/em> (2020) &#8211; Alex \u00abChoripan\u00bb<\/li>\n<li><em>No te puedes esconder<\/em> (2019) \u2013 Alex Molina<\/li>\n<li><em>Queen of the South<\/em> (2018)<\/li>\n<li><em>Yago <\/em>(2016) Yago Villa \u2013 Omar Guerrero<\/li>\n<li><em>Se\u00f1orita P\u00f3lvora<\/em> (2015) \u2013 Miguel Galindo \u201cM8\u201d<\/li>\n<li><em>Lo Imperdonable<\/em> (2015) \u2013 Mart\u00edn San Telmo<\/li>\n<li><em>Crossing Lines<\/em> (2014) \u2013 Mateo Cruz<\/li>\n<li><em>La Tempestad <\/em>(2013) \u2013 Hern\u00e1n Salda\u00f1a<\/li>\n<li><em>Imperium<\/em> (2012) \u2013 Fabio<\/li>\n<li><em>Hispania, La leyenda<\/em> (2011-2012) \u2013 Fabio<\/li>\n<li><em>La Reina del Sur <\/em>(2011) \u2013 Santiago L\u00f3pez Fisterra \u201cEL Gallego\u201d<\/li>\n<li><em>Hospital Central<\/em> (2006-2011) \u2013 Dr. Ra\u00fal Lara<\/li>\n<li><em>\u00bfD\u00f3nde est\u00e1s Coraz\u00f3n?<\/em> (2009) \u2013 El mismo<\/li>\n<li><em>D\u00edmelo al oido<\/em> (2006) \u2013 Conductor<\/li>\n<li><em>Con dos tacones<\/em> (2006) \u2013 Eduardo<\/li>\n<li><em>La sopa boba<\/em> (2004) \u2013 Javier<\/li>\n<li><em>Un paso Adelante<\/em> (2003) \u2013 Dani<\/li>\n<li><em>Aqu\u00ed no hay quien viva<\/em> (2003) \u2013 Fran<\/li>\n<li><em>El comisario<\/em> (2003) \u2013 Dani<\/li>\n<li><em>7 Vidas<\/em> (2003) \u2013 Ra\u00fal Jim\u00e9nez<\/li>\n<li><em>El pantano<\/em> (2003) \u2013 Camarero<\/li>\n<li><em>Javier ya no vive solo<\/em> (2002-2003)<\/li>\n<li><em>London Street<\/em> (2003) \u2013 Doctor<\/li>\n<li><em>Periodistas<\/em> (2002)<\/li>\n<\/ul>\n<p><strong>Teatro<\/strong><\/p>\n<ul>\n<li><em>\u00abLa Esencia del Perfume\u00bb<\/em> Dir. Carlota Ferrer<\/li>\n<li><em>\u00abEl Guardaespaldas\u00bb \/\u00a0<\/em>Stage Entertainment<\/li>\n<li>\u00ab<em>Conejo blanco, conejio rojo<\/em>\u00bb \/ Nassim Suleimanpour<\/li>\n<li><em>\u201cNunca es tarde para aprender Franc\u00e9s\u201d<\/em> (2015) \u2013 Manolo Caro \/ Dir. Manolo Caro<\/li>\n<li><em>\u201cFool for Love\u201d<\/em> Sam Shepard \/ Dir. The Process-a theatre company (Gira M\u00e9xico)<\/li>\n<li><em>\u201cOur Lady of 121st Street\u201d <\/em>Sthepen Adly Guirgis<em> \/ <\/em> The Process-a theatre company<\/li>\n<li><em>\u201cLocos de amor\u201d <\/em>Sam Shepard \/ Dir. Ad\u00e1n Black \u2013 The Process-a theatre company<\/li>\n<li><em>\u201cThe Seagull\u201d<\/em> Ant\u00f3n Chej\u00f4v \/ Dir. Ad\u00e1n Black<\/li>\n<li><em>\u201cThe last days of Judas Iscariote\u201d<\/em> Sthepen Adly Guirgis<em> \/ <\/em> Ad\u00e1n Black \u2013 The Process-a theatre company<\/li>\n<li><em>\u201cEdmund\u201d<\/em> David Mamet \/ Dir Ad\u00e1n Black \u2013 The Process-a theatre company<\/li>\n<li><em>\u201cNoches de Mon\u00f3logos\u201d<\/em> ABSTudio<\/li>\n<li><em>\u201cLa voz de su amo\u201d<\/em> Pedro Mu\u00f1oz Seca. Tiritir\u00e1n Teatro<\/li>\n<li><em>\u201cAnacleto se divorcia\u201d<\/em> Pedro Mu\u00f1oz Seca. Tiritir\u00e1n Teatro<\/li>\n<\/ul>\n<p><a href=\"http:\/\/www.imdb.com\/name\/nm1669154\" target=\"_blank\" rel=\"noopener noreferrer\"><img loading=\"lazy\" decoding=\"async\" class=\"wp-image-467 alignleft\" src=\"https:\/\/www.ivansanchez.es\/wp-content\/uploads\/2016\/12\/imdb-300x144.png\" width=\"121\" height=\"58\" srcset=\"https:\/\/www.ivansanchez.es\/wp-content\/uploads\/2016\/12\/imdb-300x144.png 300w, https:\/\/www.ivansanchez.es\/wp-content\/uploads\/2016\/12\/imdb-768x370.png 768w, https:\/\/www.ivansanchez.es\/wp-content\/uploads\/2016\/12\/imdb-1024x493.png 1024w, https:\/\/www.ivansanchez.es\/wp-content\/uploads\/2016\/12\/imdb-705x339.png 705w\" sizes=\"auto, (max-width: 121px) 100vw, 121px\" \/><\/a><\/p>\n<\/div>\n<\/div>\n<\/div>\n<\/div>\n<\/div>\n<\/div>\n","protected":false},"excerpt":{"rendered":"<p>BIOGRAF\u00cdA Cuando termin\u00f3 el colegio se dio cuenta de que su gran ilusi\u00f3n era conocer mundo. As\u00ed que, con tan solo 18 a\u00f1os, Iv\u00e1n pens\u00f3 que trabajando como modelo conseguir\u00eda viajar por todos los rincones del planeta. Y no iba mal encaminado, porque gracias a su esfuerzo y talento, consigui\u00f3 desfilar en algunas de las [&hellip;]<\/p>\n","protected":false},"author":1,"featured_media":0,"parent":0,"menu_order":0,"comment_status":"closed","ping_status":"closed","template":"","meta":{"footnotes":""},"class_list":["post-298","page","type-page","status-publish","hentry"],"_links":{"self":[{"href":"https:\/\/www.ivansanchez.es\/index.php?rest_route=\/wp\/v2\/pages\/298","targetHints":{"allow":["GET"]}}],"collection":[{"href":"https:\/\/www.ivansanchez.es\/index.php?rest_route=\/wp\/v2\/pages"}],"about":[{"href":"https:\/\/www.ivansanchez.es\/index.php?rest_route=\/wp\/v2\/types\/page"}],"author":[{"embeddable":true,"href":"https:\/\/www.ivansanchez.es\/index.php?rest_route=\/wp\/v2\/users\/1"}],"replies":[{"embeddable":true,"href":"https:\/\/www.ivansanchez.es\/index.php?rest_route=%2Fwp%2Fv2%2Fcomments&post=298"}],"version-history":[{"count":62,"href":"https:\/\/www.ivansanchez.es\/index.php?rest_route=\/wp\/v2\/pages\/298\/revisions"}],"predecessor-version":[{"id":799,"href":"https:\/\/www.ivansanchez.es\/index.php?rest_route=\/wp\/v2\/pages\/298\/revisions\/799"}],"wp:attachment":[{"href":"https:\/\/www.ivansanchez.es\/index.php?rest_route=%2Fwp%2Fv2%2Fmedia&parent=298"}],"curies":[{"name":"wp","href":"https:\/\/api.w.org\/{rel}","templated":true}]}}